{"id":753,"date":"2024-10-07T15:46:31","date_gmt":"2024-10-07T13:46:31","guid":{"rendered":"https:\/\/osiedlepodlasem.com\/nowastrona\/?page_id=753"},"modified":"2024-10-31T16:12:36","modified_gmt":"2024-10-31T15:12:36","slug":"o-nas","status":"publish","type":"page","link":"https:\/\/osiedlepodlasem.com\/?page_id=753","title":{"rendered":"O nas"},"content":{"rendered":"<p>KRUSZPOL I Sp. z&nbsp;o.o. to lokalny deweloper dzia\u0142aj\u0105cy na terenie powiatu brzeskiego, z&nbsp;bogatym do\u015bwiadczeniem w bran\u017cy budowlanej. W latach 2019-2024 firma zrealizowa\u0142a presti\u017cow\u0105 inwestycj\u0119 &#8222;Osiedle Malinowe&#8221; w \u017b\u0142obi\u017anie, gdzie powsta\u0142o 16 dom\u00f3w jednorodzinnych w zabudowie bli\u017aniaczej przy ulicy Miodowej.<\/p>\n<p>Obecnie, w III kwartale 2024 roku, KRUSZPOL I rozpoczyna nowy projekt pod nazw\u0105 &#8222;Osiedle pod Lasem&#8221;, w ramach kt\u00f3rego w \u017b\u0142obi\u017anie powstanie:<\/p>\n<ul>\n<li>\u00a019 domy jednorodzinne (\u201eDomy w Brz\u00f3zkach\u201d),<\/li>\n<li>12 domy jednorodzinne w zabudowie bli\u017aniaczej (\u201eOsiedle Malinowe II\u201d).<\/li>\n<\/ul>\n<p>Firma nieustannie rozwija swoje portfolio i&nbsp;planuje kolejne inwestycje w budownictwie jednorodzinnym, tym razem na terenie powiatu wroc\u0142awskiego. KRUSZPOL I specjalizuje si\u0119 r\u00f3wnie\u017c w szerokim zakresie us\u0142ug budowlanych, w tym w pracach rozbi\u00f3rkowych, remontowo-budowlanych, wykonywaniu wykop\u00f3w, przy\u0142\u0105czy wodno-kanalizacyjnych, a&nbsp;tak\u017ce w budowie hal i&nbsp;obiekt\u00f3w handlowych.<\/p>\n<p>Do\u0142\u0105cz do nas i&nbsp;wsp\u00f3\u0142tw\u00f3rz ambitne projekty na rynku budowlanym!<\/p>\n<style>\n            .trailer-container {\n            margin-top: 30px;\n            position: relative;\n            padding-bottom: 56.25%; \/* 16:9 aspect ratio *\/\n            height: 0;\n            overflow: hidden;\n            }<\/p>\n<p>            .trailer {\n            position: absolute;\n            top: 0;\n            left: 0;\n            width: 100%;\n            height: 100%;\n            }<\/p>\n<p>            .iframe {\n            position: absolute;\n            top: 0;\n            left: 0;\n            width: 100%;\n            height: 100%;\n            max-width: 100%;\n            max-height: 100%;\n            object-fit: contain;\n            }\n            <\/style>\n<div class=\"trailer-container\">\n<div class=\"trailer\">\n<div class=\"iframe-container\">\n                                <iframe loading=\"lazy\" class=\"iframe\" width=\"100%\" height=\"600\" src=\"https:\/\/www.youtube-nocookie.com\/embed\/rw2mKbajC6Q\" frameborder=\"0\" allowfullscreen><\/iframe>\n                            <\/div>\n<\/p><\/div>\n<\/p><\/div>\n","protected":false},"excerpt":{"rendered":"<p>KRUSZPOL I Sp. z&nbsp;o.o. to lokalny deweloper dzia\u0142aj\u0105cy na terenie powiatu brzeskiego, z&nbsp;bogatym do\u015bwiadczeniem w bran\u017cy budowlanej. W latach 2019-2024 firma zrealizowa\u0142a presti\u017cow\u0105 inwestycj\u0119 &#8222;Osiedle Malinowe&#8221; w \u017b\u0142obi\u017anie, gdzie powsta\u0142o 16 dom\u00f3w jednorodzinnych w zabudowie bli\u017aniaczej przy ulicy Miodowej. Obecnie, w III kwartale 2024 roku, KRUSZPOL I rozpoczyna nowy projekt pod nazw\u0105 &#8222;Osiedle pod Lasem&#8221;, [&hellip;]<\/p>\n","protected":false},"author":1,"featured_media":0,"parent":0,"menu_order":0,"comment_status":"closed","ping_status":"closed","template":"","meta":{"_acf_changed":false,"inline_featured_image":false,"footnotes":""},"class_list":["post-753","page","type-page","status-publish","hentry"],"acf":[],"_links":{"self":[{"href":"https:\/\/osiedlepodlasem.com\/index.php?rest_route=\/wp\/v2\/pages\/753","targetHints":{"allow":["GET"]}}],"collection":[{"href":"https:\/\/osiedlepodlasem.com\/index.php?rest_route=\/wp\/v2\/pages"}],"about":[{"href":"https:\/\/osiedlepodlasem.com\/index.php?rest_route=\/wp\/v2\/types\/page"}],"author":[{"embeddable":true,"href":"https:\/\/osiedlepodlasem.com\/index.php?rest_route=\/wp\/v2\/users\/1"}],"replies":[{"embeddable":true,"href":"https:\/\/osiedlepodlasem.com\/index.php?rest_route=%2Fwp%2Fv2%2Fcomments&post=753"}],"version-history":[{"count":9,"href":"https:\/\/osiedlepodlasem.com\/index.php?rest_route=\/wp\/v2\/pages\/753\/revisions"}],"predecessor-version":[{"id":915,"href":"https:\/\/osiedlepodlasem.com\/index.php?rest_route=\/wp\/v2\/pages\/753\/revisions\/915"}],"wp:attachment":[{"href":"https:\/\/osiedlepodlasem.com\/index.php?rest_route=%2Fwp%2Fv2%2Fmedia&parent=753"}],"curies":[{"name":"wp","href":"https:\/\/api.w.org\/{rel}","templated":true}]}}